*q = -3*q + 2*u - 8, 4*q + 2 = 5*u. What is the tens digit of 3 - q - 1835/(-5)?
6
Suppose 5*s - 1689 = 16. Let p(g) = -g**2 - 39*g - 77. Let j be p(-42). Let f = s + j. What is the units digit of f?
8
Let x(j) = -1367*j - 993. What is the units digit of x(-6)?
9
Let i(o) = 2*o**2 + 2*o - 20. Let f be i(3). Suppose 136 = p - 3*s, 0*p = f*p - s - 544. What is the units digit of p?
6
Suppose -4*j - 5*n + 31 = 0, j - 5*n + 10 + 1 = 0. Suppose 1116 = o - 7*s + 3*s, j*o - 5*s = 4464. What is the hundreds digit of o?
1
Suppose -n + 266 + 11 = 5*k, 0 = -5*n + 3*k + 1301. What is the tens digit of (396/110)/(-2 + n/130)?
3
Let y(n) be the first derivative of 7*n**3 - 27*n**2/2 - 27*n + 226. What is the hundreds digit of y(7)?
8
Suppose 0 = 14*n - 44858 - 108106. What is the tens digit of n?
2
Suppose 94*t - 3370579 = 44065. What is the thousands digit of t?
6
Let m = -3702 + 6417. What is the hundreds digit of m?
7
What is the thousands digit of ((-2536)/(-40)*-3)/(3/(-295))?
8
What is the units digit of -7466*46/(-4) - (-9230)/(-710)?
6
Suppose -200 = -5*w + 820. Suppose -6*h + 0*h + w = 0. Suppose 130 - h = 4*m. What is the tens digit of m?
2
Let g = -923 + 1505. What is the tens digit of (-2 + (-1 - 0))/(g/(-83420))?
3
Let o be -3*(670/6 + -6). Let j = 510 + o. What is the hundreds digit of j?
1
Let n = -546 - -549. Suppose 0 = 6*d - n*d - 5334. What is the hundreds digit of d?
7
Let d(t) = 16*t - 11. Let q(c) = -7*c + 37. Let o be q(5). Suppose -3*y + 3*r = -o*r - 28, -10 = -y + 2*r. What is the tens digit of d(y)?
8
Suppose -4*o = 4*m - 253628, -857*m + 859*m = -5*o + 126802. What is the units digit of m?
1
Let d(v) = -144*v**3 - 7*v**2 - v - 8. What is the hundreds digit of d(-3)?
8
Let j(f) = 2*f**3 - 15*f**2 + 22*f - 7. Suppose 169 = -10*u + 259. What is the tens digit of j(u)?
3
Let z(s) = 8*s**2 - 782*s + 29. What is the units digit of z(101)?
5
Let f(o) = -3*o + 8*o + 5*o + 0*o + 23 + 2*o**2. Let h be f(7). Suppose -3*u - h = -4*q, 0*q = q + 5*u - 42. What is the tens digit of q?
4
Suppose o - 22 = -18. Suppose -7*h + 11*h - 1892 = o*b, 0 = h + 3*b - 461. What is the tens digit of h?
7
Suppose -28*y + 2337491 = 157*y - 3556609. What is the tens digit of y?
6
Let y(f) = 1270*f + 28. Let l be y(2). Suppose -8*u - l = -11*u. What is the units digit of u?
6
Suppose 4*a - 8066 = 2*q, 2*q - 1928 = -4*a + 6134. Let x = a - 652. What is the hundreds digit of x?
3
Suppose 3*b - 35 = -5*r, -8*b + 14 = -6*b + r. Suppose -b*u + 852 = -o, 3*u - 5*o - 167 - 353 = 0. What is the tens digit of u?
7
Let f = 325 - -2734. What is the hundreds digit of f?
0
Let k = 508 - 485. Suppose 5*i - i - 2089 = -3*g, 5*g - 501 = -i. Suppose k*h - 21*h = i. What is the tens digit of h?
6
Let g be 14/(-49) + 3572/7. Suppose 26*t = 31*t - g. What is the tens digit of t?
0
Suppose -4*g + t + 5154 = 0, g - 5160 = -3*g + 4*t. Let i = g - 615. What is the hundreds digit of i?
6
Suppose 2*a - 90893 = -3*z + 20612, 5*a + 4*z = 278766. What is the thousands digit of a?
5
Let d be (-15)/(-125)*5 + (-3024)/(-10). Let t = d - -366. What is the tens digit of t?
6
Suppose 8047 = -13*i + 24661. Let s = i + -880. What is the hundreds digit of s?
3
Let m(n) = -500*n + 1150. What is the hundreds digit of m(-10)?
1
Suppose -g - 3*g + 56 = -4*y, 4*g + 3*y - 63 = 0. Suppose -g*q + 19900 = 10*q. What is the units digit of q?
6
Let f = 754 - 746. Suppose -6*i + 10*i = -f, -370 = -2*m + 4*i. What is the hundreds digit of m?
1
Let c be 4 - ((-1)/(-2) - 44515/10). Suppose 12*n - n - c = 0. What is the tens digit of n?
0
What is the tens digit of 1/18*10364 - (-62)/279?
7
Let r = 3797 - 2466. Suppose -w + 260 = 4*q, 5*w + 126 = -q + r. What is the hundreds digit of w?
2
What is the units digit of ((642/75)/(2/(-10)))/(2/(-655))?
7
Let c(b) = b**3 - 46*b**2 + 90*b + 12. What is the thousands digit of c(45)?
2
Suppose 4*n - 7 - 1 = 0, -2*v + 4*n = 0. Suppose -3*o + 4869 = -v*j, 4*o = -j + 5*j + 6492. What is the hundreds digit of o?
6
Let u(c) = 39*c - 15. Let g(h) = 21*h - 8. Let s(y) = 9*g(y) - 4*u(y). Let t(d) = -d**3 - 4*d**2 - 2*d - 4. Let n be t(-4). What is the tens digit of s(n)?
2
What is the hundreds digit of (3/(-2) - (5 - 7))/(398/6783512)?
5
Let v = -99 + 365. Suppose -3*g - 5*y = v, 4*y + 84 - 7 = -g. Let c = -19 - g. What is the units digit of c?
8
Suppose -2*j - 5*m + 2211 = -4*m, 0 = -2*m + 6. Suppose -27*q = -5*f - 24*q + j, 0 = 2*f - 5*q - 434. What is the hundreds digit of f?
2
Let v = -20171 + 29441. What is the hundreds digit of v?
2
Let p be 13/130 - (-6063)/(-30). Let o = p + 338. What is the tens digit of o?
3
Suppose -v - 5*c + 7210 = 0, -v + 55*c - 53*c = -7217. Suppose 53*y = 58*y - v. What is the thousands digit of y?
1
Let s(q) = q**2 + 4*q - 3. Let f be s(-3). Let b be 176/f*-42*3/12. Suppose 0 = -5*g + g + b. What is the units digit of g?
7
Let p(k) = -14*k**3 - 42*k**2 - 26. What is the tens digit of p(-6)?
8
Let x = 23 - 23. Let u be 215/(2 + -1 + x). Let m = u - -29. What is the units digit of m?
4
Suppose 3*z = 2*x + 708, 0 = 2*z - 4*x - 0*x - 464. Suppose 0*y + 2*y + 219 = -3*b, b + y = -74. Let m = z + b. What is the units digit of m?
7
Let s be (8 + -9)*(-2277 - -4). Let z = 3278 - s. What is the thousands digit of z?
1
Let z be (-8)/3*(-4 - -1). Suppose 5*y = 5*m - 370, 2*m - 141 = -y + 4. Let u = m + z. What is the tens digit of u?
8
Suppose 4*i - 8 = 0, -592*b = -591*b - 4*i - 56741. What is the thousands digit of b?
6
Suppose 0 = 3*w - 6, 0*v + 2*v - 3*w - 4 = 0. Suppose 4*n - v*n + 116 = 0. What is the tens digit of n?
1
Let h be (-2)/30*3*-1 + (-359)/(-5). Suppose -2*k - 91 = -3*k + 4*d, -2*d - 419 = -5*k. Let p = k - h. What is the units digit of p?
1
Suppose 4*j = -z + 54071, 27025 = -3*j + 5*j - 3*z. What is the tens digit of j?
1
Suppose 0 = -2*p, 4 = 5*v + 4*p - 11. Let h be -1 + 578 + (-1)/v*3. Suppose -5*m = 3*g - 2*g - 736, -4*g + h = 4*m. What is the units digit of m?
8
Let l(u) = 3*u + 16. Let x(m) = -2*m - 15. Let v(i) = -3*l(i) - 4*x(i). Let g be v(-2). What is the hundreds digit of ((-107)/(-3))/(g/42)?
1
Suppose 0 = -29*n + 551 + 8207. Suppose -727 = -5*l - 3*z, -2*l + 0 = 4*z - n. What is the hundreds digit of l?
1
Let n be (4/(-3))/(-3 - (-102)/36). Suppose -5*o - n = -13. What is the units digit of (-2 + o + 0)*(28 - 56)?
8
Suppose -2*w - 42*q = -39*q - 42169, 4*w + q = 84353. What is the ten thousands digit of w?
2
What is the tens digit of 1253 + (-2 + (1 - -11))/((-94)/47)?
4
What is the units digit of (45/(40/(-8)) + 11)*4189?
8
What is the thousands digit of (-108)/81 - 15628/(-3)?
5
Suppose 969 + 71 = 8*t. Suppose -121*w = -t*w + 9207. What is the units digit of w?
3
Suppose -7*p = 12*p - 38. What is the tens digit of 4 - 145*((-8 - -2) + p)?
8
Let g(h) = -2 + h + 2*h**2 - 2 + 6*h**3 - 5*h**3 - 2*h**3. Let v be g(2). What is the units digit of 653/7 - (v + 16/7)?
3
Suppose -23 = -5*u + 2*m, -9*u - 5*m - 14 = -7*u. Suppose -2*j + 712 = 5*b, u*j - 4*j + b = -349. What is the hundreds digit of j?
3
Suppose r = 23036 + 6604. What is the ten thousands digit of r?
2
Let m(y) = 25 - 66 + 12*y - 22*y - 38. What is the tens digit of m(-14)?
6
Let y(x) = x**3 + 36*x**2 - 78*x - 62. Let h be y(-38). Let f = -2466 - -3546. Suppose -9*v + h*v - f = 0. What is the hundreds digit of v?
2
Suppose 6*r - 128771 = -30965. Suppose 27*f - 817 = r. What is the hundreds digit of f?
6
Let k(n) be the second derivative of -n**3/3 - 11*n**2/2 + 7*n. Let g be k(-8). What is the units digit of 116/(-6)*(g - 8)?
8
Let r(q) = 2*q + 4. Let f be r(-5). Let u be (-746 - -2)*(f - -5). Suppose u = 10*w - 2*w. What is the tens digit of w?
9
What is the units digit of (120 - -15)/15 + 3047?
6
Suppose -4*r + 2148 = x, -3*x - 5*r + 2470 + 3946 = 0. What is the units digit of x?
2
What is the thousands digit of -11 + -15 + 11400 + 17?
1
Let i = 15243 - 9676. What is the tens digit of i?
6
Suppose -7731 = 8*j - 39827. Suppose 16*c - 11*c = -3*d + j, -4*c + d + 3213 = 0. What is the hundreds digit of c?
8
Let n(q) = 19*q**3 - 38*q**2 - 16*q + 8. What is the hundreds digit of n(11)?
5
Let b(q) = -4*q**3 + 2*q**2 + 7*q - 25. Let z be b(2). Let r be (-94)/2 - (2 - 1). Let f = z - r. What is the tens digit of f?
1
Suppose 2*i - 116798 + 8310 = -5*s, 3*i - 162739 = -4*s. Wha